{"id":378,"date":"2015-04-30T14:11:26","date_gmt":"2015-04-30T12:11:26","guid":{"rendered":"http:\/\/www.lausitzer-sportevents.de\/LSE\/?page_id=378"},"modified":"2024-02-05T10:37:31","modified_gmt":"2024-02-05T08:37:31","slug":"fotorechte","status":"publish","type":"page","link":"https:\/\/lausitzer-sportevents.de\/marathon\/fotorechte\/","title":{"rendered":"Fotorechte"},"content":{"rendered":"<p><strong>Wichtiger Hinweis zu Foto, Film oder Videoaufnahmen \/ Fotorechten bei Besuch und Teilnahme an Veranstaltungen des Lausitzer-Sportevents e.V.\u00a0<\/strong><\/p>\n<p>PDF Download -&gt;\u00a0<a href=\"http:\/\/www.lausitzer-sportevents.de\/lse2\/wp-content\/uploads\/2015\/03\/fotorechte-lausitzer-sportevents.pdf\" target=\"_blank\" rel=\"noopener\">Fotorechte von Lausitzer Sportevents e.V.<\/a><\/p>\n<p>Die Aufnahmen und \/ oder Weiterleitung mit Foto-, Film oder Videokameras bzw. mit anderen Ger\u00e4ten sind unzul\u00e4ssig, soweit diese \u00fcber den privaten Bereich hinaus an Dritte oder in den Medien oder im Internet ver\u00f6ffentlicht werden. Zul\u00e4ssig ist eine derartige Verbreitung nur, wenn zuvor eine schriftliche Zustimmung des Veranstalters beantragt und bewilligt wurde. Bei Zuwiderhandlungen wird unbeschadet weiterer Anspr\u00fcche eine Vertragsstrafe f\u00e4llig, deren H\u00f6he nach billigem Ermessen vom Veranstalter festzusetzen ist, h\u00f6chstens jedoch je Versto\u00df 3.000,00 EUR.<\/p>\n<p>Der Teilnehmer erkl\u00e4rt sich des Weiteren damit einverstanden, dass die im Zusammenhang mit der Veranstaltung gemachten Fotos, Filmaufnahmen, Interviews im Rundfunk, Werbung, Fernsehen, B\u00fcchern, Zeitungen, sonstige Printmedien, oder fotomechanischen Vervielf\u00e4ltigungen, ohne einen Verg\u00fctungsanspruch des Teilnehmers, verbreitet und ver\u00f6ffentlicht werden k\u00f6nnen.<\/p>\n","protected":false},"excerpt":{"rendered":"<p><strong>Wichtiger Hinweis zu Foto, Film oder Videoaufnahmen \/ Fotorechten bei Besuch und Teilnahme an Veranstaltungen des Lausitzer-Sportevents e.V.\u00a0<\/strong><\/p>\n<p>PDF Download -&gt;\u00a0<a href=\"http:\/\/www.lausitzer-sportevents.de\/lse2\/wp-content\/uploads\/2015\/03\/fotorechte-lausitzer-sportevents.pdf\" target=\"_blank\" rel=\"noopener\">Fotorechte von Lausitzer Sportevents e.V.<\/a><\/p>\n<p>Die Aufnahmen und \/ oder Weiterleitung mit Foto-, Film oder Videokameras bzw. mit anderen Ger\u00e4ten sind unzul\u00e4ssig, soweit diese \u00fcber den privaten Bereich hinaus an Dritte oder<\/p>\n","protected":false},"author":3,"featured_media":0,"parent":0,"menu_order":0,"comment_status":"closed","ping_status":"closed","template":"page-templates\/full-width.php","meta":{"footnotes":""},"class_list":["post-378","page","type-page","status-publish","hentry"],"yoast_head":"<!-- This site is optimized with the Yoast SEO plugin v26.9 - https:\/\/yoast.com\/product\/yoast-seo-wordpress\/ -->\n<title>Fotorechte - Lausitzer Sportevents<\/title>\n<meta name=\"robots\" content=\"index, follow, max-snippet:-1, max-image-preview:large, max-video-preview:-1\" \/>\n<link rel=\"canonical\" href=\"https:\/\/lausitzer-sportevents.de\/marathon\/fotorechte\/\" \/>\n<meta property=\"og:locale\" content=\"de_DE\" \/>\n<meta property=\"og:type\" content=\"article\" \/>\n<meta property=\"og:title\" content=\"Fotorechte - Lausitzer Sportevents\" \/>\n<meta property=\"og:description\" content=\"Wichtiger Hinweis zu Foto, Film oder Videoaufnahmen \/ Fotorechten bei Besuch und Teilnahme an Veranstaltungen des Lausitzer-Sportevents e.V.\u00a0 PDF Download -&gt;\u00a0Fotorechte von Lausitzer Sportevents e.V. Die Aufnahmen und \/ oder Weiterleitung mit Foto-, Film oder Videokameras bzw. mit anderen Ger\u00e4ten sind unzul\u00e4ssig, soweit diese \u00fcber den privaten Bereich hinaus an Dritte oder\" \/>\n<meta property=\"og:url\" content=\"https:\/\/lausitzer-sportevents.de\/marathon\/fotorechte\/\" \/>\n<meta property=\"og:site_name\" content=\"Lausitzer Sportevents\" \/>\n<meta property=\"article:publisher\" content=\"https:\/\/www.facebook.com\/LausitzerSportEvents\" \/>\n<meta property=\"article:modified_time\" content=\"2024-02-05T08:37:31+00:00\" \/>\n<meta name=\"twitter:card\" content=\"summary_large_image\" \/>\n<meta name=\"twitter:label1\" content=\"Gesch\u00e4tzte Lesezeit\" \/>\n\t<meta name=\"twitter:data1\" content=\"1\u00a0Minute\" \/>\n<script type=\"application\/ld+json\" class=\"yoast-schema-graph\">{\"@context\":\"https:\/\/schema.org\",\"@graph\":[{\"@type\":\"WebPage\",\"@id\":\"https:\/\/lausitzer-sportevents.de\/marathon\/fotorechte\/\",\"url\":\"https:\/\/lausitzer-sportevents.de\/marathon\/fotorechte\/\",\"name\":\"Fotorechte - Lausitzer Sportevents\",\"isPartOf\":{\"@id\":\"https:\/\/lausitzer-sportevents.de\/marathon\/#website\"},\"datePublished\":\"2015-04-30T12:11:26+00:00\",\"dateModified\":\"2024-02-05T08:37:31+00:00\",\"breadcrumb\":{\"@id\":\"https:\/\/lausitzer-sportevents.de\/marathon\/fotorechte\/#breadcrumb\"},\"inLanguage\":\"de\",\"potentialAction\":[{\"@type\":\"ReadAction\",\"target\":[\"https:\/\/lausitzer-sportevents.de\/marathon\/fotorechte\/\"]}]},{\"@type\":\"BreadcrumbList\",\"@id\":\"https:\/\/lausitzer-sportevents.de\/marathon\/fotorechte\/#breadcrumb\",\"itemListElement\":[{\"@type\":\"ListItem\",\"position\":1,\"name\":\"Startseite\",\"item\":\"https:\/\/lausitzer-sportevents.de\/marathon\/\"},{\"@type\":\"ListItem\",\"position\":2,\"name\":\"Fotorechte\"}]},{\"@type\":\"WebSite\",\"@id\":\"https:\/\/lausitzer-sportevents.de\/marathon\/#website\",\"url\":\"https:\/\/lausitzer-sportevents.de\/marathon\/\",\"name\":\"Lausitzer Sportevents\",\"description\":\"Das Internetportal f\u00fcr die sportliche Lausitz\",\"publisher\":{\"@id\":\"https:\/\/lausitzer-sportevents.de\/marathon\/#organization\"},\"potentialAction\":[{\"@type\":\"SearchAction\",\"target\":{\"@type\":\"EntryPoint\",\"urlTemplate\":\"https:\/\/lausitzer-sportevents.de\/marathon\/?s={search_term_string}\"},\"query-input\":{\"@type\":\"PropertyValueSpecification\",\"valueRequired\":true,\"valueName\":\"search_term_string\"}}],\"inLanguage\":\"de\"},{\"@type\":\"Organization\",\"@id\":\"https:\/\/lausitzer-sportevents.de\/marathon\/#organization\",\"name\":\"Lausitzer Sportevents\",\"url\":\"https:\/\/lausitzer-sportevents.de\/marathon\/\",\"logo\":{\"@type\":\"ImageObject\",\"inLanguage\":\"de\",\"@id\":\"https:\/\/lausitzer-sportevents.de\/marathon\/#\/schema\/logo\/image\/\",\"url\":\"https:\/\/lausitzer-sportevents.de\/marathon\/wp-content\/uploads\/banner_lse.jpg\",\"contentUrl\":\"https:\/\/lausitzer-sportevents.de\/marathon\/wp-content\/uploads\/banner_lse.jpg\",\"width\":1240,\"height\":350,\"caption\":\"Lausitzer Sportevents\"},\"image\":{\"@id\":\"https:\/\/lausitzer-sportevents.de\/marathon\/#\/schema\/logo\/image\/\"},\"sameAs\":[\"https:\/\/www.facebook.com\/LausitzerSportEvents\",\"https:\/\/www.instagram.com\/lausitzersportevents\/\"]}]}<\/script>\n<!-- \/ Yoast SEO plugin. -->","yoast_head_json":{"title":"Fotorechte - Lausitzer Sportevents","robots":{"index":"index","follow":"follow","max-snippet":"max-snippet:-1","max-image-preview":"max-image-preview:large","max-video-preview":"max-video-preview:-1"},"canonical":"https:\/\/lausitzer-sportevents.de\/marathon\/fotorechte\/","og_locale":"de_DE","og_type":"article","og_title":"Fotorechte - Lausitzer Sportevents","og_description":"Wichtiger Hinweis zu Foto, Film oder Videoaufnahmen \/ Fotorechten bei Besuch und Teilnahme an Veranstaltungen des Lausitzer-Sportevents e.V.\u00a0 PDF Download -&gt;\u00a0Fotorechte von Lausitzer Sportevents e.V. Die Aufnahmen und \/ oder Weiterleitung mit Foto-, Film oder Videokameras bzw. mit anderen Ger\u00e4ten sind unzul\u00e4ssig, soweit diese \u00fcber den privaten Bereich hinaus an Dritte oder","og_url":"https:\/\/lausitzer-sportevents.de\/marathon\/fotorechte\/","og_site_name":"Lausitzer Sportevents","article_publisher":"https:\/\/www.facebook.com\/LausitzerSportEvents","article_modified_time":"2024-02-05T08:37:31+00:00","twitter_card":"summary_large_image","twitter_misc":{"Gesch\u00e4tzte Lesezeit":"1\u00a0Minute"},"schema":{"@context":"https:\/\/schema.org","@graph":[{"@type":"WebPage","@id":"https:\/\/lausitzer-sportevents.de\/marathon\/fotorechte\/","url":"https:\/\/lausitzer-sportevents.de\/marathon\/fotorechte\/","name":"Fotorechte - Lausitzer Sportevents","isPartOf":{"@id":"https:\/\/lausitzer-sportevents.de\/marathon\/#website"},"datePublished":"2015-04-30T12:11:26+00:00","dateModified":"2024-02-05T08:37:31+00:00","breadcrumb":{"@id":"https:\/\/lausitzer-sportevents.de\/marathon\/fotorechte\/#breadcrumb"},"inLanguage":"de","potentialAction":[{"@type":"ReadAction","target":["https:\/\/lausitzer-sportevents.de\/marathon\/fotorechte\/"]}]},{"@type":"BreadcrumbList","@id":"https:\/\/lausitzer-sportevents.de\/marathon\/fotorechte\/#breadcrumb","itemListElement":[{"@type":"ListItem","position":1,"name":"Startseite","item":"https:\/\/lausitzer-sportevents.de\/marathon\/"},{"@type":"ListItem","position":2,"name":"Fotorechte"}]},{"@type":"WebSite","@id":"https:\/\/lausitzer-sportevents.de\/marathon\/#website","url":"https:\/\/lausitzer-sportevents.de\/marathon\/","name":"Lausitzer Sportevents","description":"Das Internetportal f\u00fcr die sportliche Lausitz","publisher":{"@id":"https:\/\/lausitzer-sportevents.de\/marathon\/#organization"},"potentialAction":[{"@type":"SearchAction","target":{"@type":"EntryPoint","urlTemplate":"https:\/\/lausitzer-sportevents.de\/marathon\/?s={search_term_string}"},"query-input":{"@type":"PropertyValueSpecification","valueRequired":true,"valueName":"search_term_string"}}],"inLanguage":"de"},{"@type":"Organization","@id":"https:\/\/lausitzer-sportevents.de\/marathon\/#organization","name":"Lausitzer Sportevents","url":"https:\/\/lausitzer-sportevents.de\/marathon\/","logo":{"@type":"ImageObject","inLanguage":"de","@id":"https:\/\/lausitzer-sportevents.de\/marathon\/#\/schema\/logo\/image\/","url":"https:\/\/lausitzer-sportevents.de\/marathon\/wp-content\/uploads\/banner_lse.jpg","contentUrl":"https:\/\/lausitzer-sportevents.de\/marathon\/wp-content\/uploads\/banner_lse.jpg","width":1240,"height":350,"caption":"Lausitzer Sportevents"},"image":{"@id":"https:\/\/lausitzer-sportevents.de\/marathon\/#\/schema\/logo\/image\/"},"sameAs":["https:\/\/www.facebook.com\/LausitzerSportEvents","https:\/\/www.instagram.com\/lausitzersportevents\/"]}]}},"_links":{"self":[{"href":"https:\/\/lausitzer-sportevents.de\/marathon\/wp-json\/wp\/v2\/pages\/378","targetHints":{"allow":["GET"]}}],"collection":[{"href":"https:\/\/lausitzer-sportevents.de\/marathon\/wp-json\/wp\/v2\/pages"}],"about":[{"href":"https:\/\/lausitzer-sportevents.de\/marathon\/wp-json\/wp\/v2\/types\/page"}],"author":[{"embeddable":true,"href":"https:\/\/lausitzer-sportevents.de\/marathon\/wp-json\/wp\/v2\/users\/3"}],"replies":[{"embeddable":true,"href":"https:\/\/lausitzer-sportevents.de\/marathon\/wp-json\/wp\/v2\/comments?post=378"}],"version-history":[{"count":9,"href":"https:\/\/lausitzer-sportevents.de\/marathon\/wp-json\/wp\/v2\/pages\/378\/revisions"}],"predecessor-version":[{"id":12822,"href":"https:\/\/lausitzer-sportevents.de\/marathon\/wp-json\/wp\/v2\/pages\/378\/revisions\/12822"}],"wp:attachment":[{"href":"https:\/\/lausitzer-sportevents.de\/marathon\/wp-json\/wp\/v2\/media?parent=378"}],"curies":[{"name":"wp","href":"https:\/\/api.w.org\/{rel}","templated":true}]}}