{"id":2671,"date":"2016-12-08T12:07:11","date_gmt":"2016-12-08T12:07:11","guid":{"rendered":"http:\/\/www.lausitzer-sportevents.de\/marathon\/?page_id=2671"},"modified":"2017-01-08T12:22:07","modified_gmt":"2017-01-08T12:22:07","slug":"topten","status":"publish","type":"page","link":"https:\/\/lausitzer-sportevents.de\/marathon\/topten\/","title":{"rendered":"TIP TEN &#8211; TOP TEN Unser Qualit\u00e4tssiegel"},"content":{"rendered":"<div class=\"wpb-content-wrapper\"><p>[vc_row][vc_column][vc_row_inner][vc_column_inner][vc_column_text]<strong>Unsere Veranstaltungen sind attraktiv<\/strong><\/p>\n<p>1976 haben wir unsere erste Sportveranstaltung organisiert. Mittlerweile kann unser Team auf 40 Jahre Erfahrung in der Wettkampforganisation verweisen. Oft machen die kleinen zus\u00e4tzlichen Details und Dinge das Besondere eines Events aus. Von den Sportlern, die aus ganz Deutschland bei uns zu Gast waren, werden die von uns organisierten Veranstaltungen immer wieder in die TOP TEN der bestorganisiertesten L\u00e4ufe Deutschlands gew\u00e4hlt. So haben es schon <strong>6 unserer Events<\/strong> in diese hochwertige Auswahl geschafft. Seit 1999 wurden wir mit <strong>24 Urkunden ausgezeichnet<\/strong>. Man beachte, dass es j\u00e4hrlich 3500 \u00a0L\u00e4ufe in Deutschland gibt.<\/p>\n<p><strong>Unsere St\u00e4rke<\/strong> sind unsere zuverl\u00e4ssigen Helfer, die uns bei den Events unterst\u00fctzen. Viele hunderte und tausende Sportler sind auf wegweisende Unterst\u00fctzung vor dem Start, auf der Strecke und im Ziel angewiesen. Unsere Freiwilligen reichen oft mehr als eine helfende Hand, Startnummern, Energie und Medaillen und sind immer mitten drin.<br \/>\nUns ist Qualit\u00e4t wichtiger als ein weiterer Teilnehmerrekord.<\/p>\n<p>Das <strong>Geheimnis<\/strong> unseres Erfolges liegt in der langfristigen und sehr gr\u00fcndlichen Vorbereitung und in unseren freundlichen Helfern. Jedes Jahr suchen wir nach Verbesserungsm\u00f6glichkeiten zum Wohle <strong>unserer<\/strong> Sportler.<\/p>\n<p>Wir m\u00f6chten ausdr\u00fccklich darauf hinweisen, dass unsere Events keine kommerzielle (auf Gewinnerzielung gerichtete) Veranstaltungen sind. Oft ist der\u00a0Aufwand f\u00fcr die Organisation so gro\u00df, dass wir froh sind die Kosten zu decken.\u00a0Unser Verein ist gemeinn\u00fctzig und so soll es auch bleiben.[\/vc_column_text][\/vc_column_inner][\/vc_row_inner][vc_row_inner][vc_column_inner][vc_gallery type=&#8220;image_grid&#8220; images=&#8220;2680,2687,2688,2689,2708,2681,2709,2690,2682,2861,2683,2859,2860,2684,2699,2710,2685,2704,2700,2695,2694,2701,2696,2705,2702,2697,2686,2706,2703,2698,2707,2691,2692&#8243; img_size=&#8220;150&#215;212&#8243; title=&#8220;TOP TEN Deutschland&#8220;][\/vc_column_inner][\/vc_row_inner][\/vc_column][\/vc_row]<\/p>\n<\/div>","protected":false},"excerpt":{"rendered":"<p>[vc_row][vc_column][vc_row_inner][vc_column_inner][vc_column_text]<strong>Unsere Veranstaltungen sind attraktiv<\/strong><\/p>\n<p>1976 haben wir unsere erste Sportveranstaltung organisiert. Mittlerweile kann unser Team auf 40 Jahre Erfahrung in der Wettkampforganisation verweisen. Oft machen die kleinen zus\u00e4tzlichen Details und Dinge das Besondere eines Events aus. Von den Sportlern, die aus ganz Deutschland bei uns zu Gast waren, werden die von uns organisierten Veranstaltungen immer<\/p>\n","protected":false},"author":3,"featured_media":0,"parent":0,"menu_order":0,"comment_status":"closed","ping_status":"closed","template":"","meta":{"footnotes":""},"class_list":["post-2671","page","type-page","status-publish","hentry"],"yoast_head":"<!-- This site is optimized with the Yoast SEO plugin v26.9 - https:\/\/yoast.com\/product\/yoast-seo-wordpress\/ -->\n<title>TIP TEN - TOP TEN Unser Qualit\u00e4tssiegel - Lausitzer Sportevents<\/title>\n<meta name=\"robots\" content=\"index, follow, max-snippet:-1, max-image-preview:large, max-video-preview:-1\" \/>\n<link rel=\"canonical\" href=\"https:\/\/lausitzer-sportevents.de\/marathon\/topten\/\" \/>\n<meta property=\"og:locale\" content=\"de_DE\" \/>\n<meta property=\"og:type\" content=\"article\" \/>\n<meta property=\"og:title\" content=\"TIP TEN - TOP TEN Unser Qualit\u00e4tssiegel - Lausitzer Sportevents\" \/>\n<meta property=\"og:description\" content=\"[vc_row][vc_column][vc_row_inner][vc_column_inner][vc_column_text]Unsere Veranstaltungen sind attraktiv 1976 haben wir unsere erste Sportveranstaltung organisiert. Mittlerweile kann unser Team auf 40 Jahre Erfahrung in der Wettkampforganisation verweisen. Oft machen die kleinen zus\u00e4tzlichen Details und Dinge das Besondere eines Events aus. Von den Sportlern, die aus ganz Deutschland bei uns zu Gast waren, werden die von uns organisierten Veranstaltungen immer\" \/>\n<meta property=\"og:url\" content=\"https:\/\/lausitzer-sportevents.de\/marathon\/topten\/\" \/>\n<meta property=\"og:site_name\" content=\"Lausitzer Sportevents\" \/>\n<meta property=\"article:publisher\" content=\"https:\/\/www.facebook.com\/LausitzerSportEvents\" \/>\n<meta property=\"article:modified_time\" content=\"2017-01-08T12:22:07+00:00\" \/>\n<meta name=\"twitter:card\" content=\"summary_large_image\" \/>\n<meta name=\"twitter:label1\" content=\"Gesch\u00e4tzte Lesezeit\" \/>\n\t<meta name=\"twitter:data1\" content=\"1\u00a0Minute\" \/>\n<script type=\"application\/ld+json\" class=\"yoast-schema-graph\">{\"@context\":\"https:\/\/schema.org\",\"@graph\":[{\"@type\":\"WebPage\",\"@id\":\"https:\/\/lausitzer-sportevents.de\/marathon\/topten\/\",\"url\":\"https:\/\/lausitzer-sportevents.de\/marathon\/topten\/\",\"name\":\"TIP TEN - TOP TEN Unser Qualit\u00e4tssiegel - Lausitzer Sportevents\",\"isPartOf\":{\"@id\":\"https:\/\/lausitzer-sportevents.de\/marathon\/#website\"},\"datePublished\":\"2016-12-08T12:07:11+00:00\",\"dateModified\":\"2017-01-08T12:22:07+00:00\",\"breadcrumb\":{\"@id\":\"https:\/\/lausitzer-sportevents.de\/marathon\/topten\/#breadcrumb\"},\"inLanguage\":\"de\",\"potentialAction\":[{\"@type\":\"ReadAction\",\"target\":[\"https:\/\/lausitzer-sportevents.de\/marathon\/topten\/\"]}]},{\"@type\":\"BreadcrumbList\",\"@id\":\"https:\/\/lausitzer-sportevents.de\/marathon\/topten\/#breadcrumb\",\"itemListElement\":[{\"@type\":\"ListItem\",\"position\":1,\"name\":\"Startseite\",\"item\":\"https:\/\/lausitzer-sportevents.de\/marathon\/\"},{\"@type\":\"ListItem\",\"position\":2,\"name\":\"TIP TEN &#8211; TOP TEN Unser Qualit\u00e4tssiegel\"}]},{\"@type\":\"WebSite\",\"@id\":\"https:\/\/lausitzer-sportevents.de\/marathon\/#website\",\"url\":\"https:\/\/lausitzer-sportevents.de\/marathon\/\",\"name\":\"Lausitzer Sportevents\",\"description\":\"Das Internetportal f\u00fcr die sportliche Lausitz\",\"publisher\":{\"@id\":\"https:\/\/lausitzer-sportevents.de\/marathon\/#organization\"},\"potentialAction\":[{\"@type\":\"SearchAction\",\"target\":{\"@type\":\"EntryPoint\",\"urlTemplate\":\"https:\/\/lausitzer-sportevents.de\/marathon\/?s={search_term_string}\"},\"query-input\":{\"@type\":\"PropertyValueSpecification\",\"valueRequired\":true,\"valueName\":\"search_term_string\"}}],\"inLanguage\":\"de\"},{\"@type\":\"Organization\",\"@id\":\"https:\/\/lausitzer-sportevents.de\/marathon\/#organization\",\"name\":\"Lausitzer Sportevents\",\"url\":\"https:\/\/lausitzer-sportevents.de\/marathon\/\",\"logo\":{\"@type\":\"ImageObject\",\"inLanguage\":\"de\",\"@id\":\"https:\/\/lausitzer-sportevents.de\/marathon\/#\/schema\/logo\/image\/\",\"url\":\"https:\/\/lausitzer-sportevents.de\/marathon\/wp-content\/uploads\/banner_lse.jpg\",\"contentUrl\":\"https:\/\/lausitzer-sportevents.de\/marathon\/wp-content\/uploads\/banner_lse.jpg\",\"width\":1240,\"height\":350,\"caption\":\"Lausitzer Sportevents\"},\"image\":{\"@id\":\"https:\/\/lausitzer-sportevents.de\/marathon\/#\/schema\/logo\/image\/\"},\"sameAs\":[\"https:\/\/www.facebook.com\/LausitzerSportEvents\",\"https:\/\/www.instagram.com\/lausitzersportevents\/\"]}]}<\/script>\n<!-- \/ Yoast SEO plugin. -->","yoast_head_json":{"title":"TIP TEN - TOP TEN Unser Qualit\u00e4tssiegel - Lausitzer Sportevents","robots":{"index":"index","follow":"follow","max-snippet":"max-snippet:-1","max-image-preview":"max-image-preview:large","max-video-preview":"max-video-preview:-1"},"canonical":"https:\/\/lausitzer-sportevents.de\/marathon\/topten\/","og_locale":"de_DE","og_type":"article","og_title":"TIP TEN - TOP TEN Unser Qualit\u00e4tssiegel - Lausitzer Sportevents","og_description":"[vc_row][vc_column][vc_row_inner][vc_column_inner][vc_column_text]Unsere Veranstaltungen sind attraktiv 1976 haben wir unsere erste Sportveranstaltung organisiert. Mittlerweile kann unser Team auf 40 Jahre Erfahrung in der Wettkampforganisation verweisen. Oft machen die kleinen zus\u00e4tzlichen Details und Dinge das Besondere eines Events aus. Von den Sportlern, die aus ganz Deutschland bei uns zu Gast waren, werden die von uns organisierten Veranstaltungen immer","og_url":"https:\/\/lausitzer-sportevents.de\/marathon\/topten\/","og_site_name":"Lausitzer Sportevents","article_publisher":"https:\/\/www.facebook.com\/LausitzerSportEvents","article_modified_time":"2017-01-08T12:22:07+00:00","twitter_card":"summary_large_image","twitter_misc":{"Gesch\u00e4tzte Lesezeit":"1\u00a0Minute"},"schema":{"@context":"https:\/\/schema.org","@graph":[{"@type":"WebPage","@id":"https:\/\/lausitzer-sportevents.de\/marathon\/topten\/","url":"https:\/\/lausitzer-sportevents.de\/marathon\/topten\/","name":"TIP TEN - TOP TEN Unser Qualit\u00e4tssiegel - Lausitzer Sportevents","isPartOf":{"@id":"https:\/\/lausitzer-sportevents.de\/marathon\/#website"},"datePublished":"2016-12-08T12:07:11+00:00","dateModified":"2017-01-08T12:22:07+00:00","breadcrumb":{"@id":"https:\/\/lausitzer-sportevents.de\/marathon\/topten\/#breadcrumb"},"inLanguage":"de","potentialAction":[{"@type":"ReadAction","target":["https:\/\/lausitzer-sportevents.de\/marathon\/topten\/"]}]},{"@type":"BreadcrumbList","@id":"https:\/\/lausitzer-sportevents.de\/marathon\/topten\/#breadcrumb","itemListElement":[{"@type":"ListItem","position":1,"name":"Startseite","item":"https:\/\/lausitzer-sportevents.de\/marathon\/"},{"@type":"ListItem","position":2,"name":"TIP TEN &#8211; TOP TEN Unser Qualit\u00e4tssiegel"}]},{"@type":"WebSite","@id":"https:\/\/lausitzer-sportevents.de\/marathon\/#website","url":"https:\/\/lausitzer-sportevents.de\/marathon\/","name":"Lausitzer Sportevents","description":"Das Internetportal f\u00fcr die sportliche Lausitz","publisher":{"@id":"https:\/\/lausitzer-sportevents.de\/marathon\/#organization"},"potentialAction":[{"@type":"SearchAction","target":{"@type":"EntryPoint","urlTemplate":"https:\/\/lausitzer-sportevents.de\/marathon\/?s={search_term_string}"},"query-input":{"@type":"PropertyValueSpecification","valueRequired":true,"valueName":"search_term_string"}}],"inLanguage":"de"},{"@type":"Organization","@id":"https:\/\/lausitzer-sportevents.de\/marathon\/#organization","name":"Lausitzer Sportevents","url":"https:\/\/lausitzer-sportevents.de\/marathon\/","logo":{"@type":"ImageObject","inLanguage":"de","@id":"https:\/\/lausitzer-sportevents.de\/marathon\/#\/schema\/logo\/image\/","url":"https:\/\/lausitzer-sportevents.de\/marathon\/wp-content\/uploads\/banner_lse.jpg","contentUrl":"https:\/\/lausitzer-sportevents.de\/marathon\/wp-content\/uploads\/banner_lse.jpg","width":1240,"height":350,"caption":"Lausitzer Sportevents"},"image":{"@id":"https:\/\/lausitzer-sportevents.de\/marathon\/#\/schema\/logo\/image\/"},"sameAs":["https:\/\/www.facebook.com\/LausitzerSportEvents","https:\/\/www.instagram.com\/lausitzersportevents\/"]}]}},"_links":{"self":[{"href":"https:\/\/lausitzer-sportevents.de\/marathon\/wp-json\/wp\/v2\/pages\/2671","targetHints":{"allow":["GET"]}}],"collection":[{"href":"https:\/\/lausitzer-sportevents.de\/marathon\/wp-json\/wp\/v2\/pages"}],"about":[{"href":"https:\/\/lausitzer-sportevents.de\/marathon\/wp-json\/wp\/v2\/types\/page"}],"author":[{"embeddable":true,"href":"https:\/\/lausitzer-sportevents.de\/marathon\/wp-json\/wp\/v2\/users\/3"}],"replies":[{"embeddable":true,"href":"https:\/\/lausitzer-sportevents.de\/marathon\/wp-json\/wp\/v2\/comments?post=2671"}],"version-history":[{"count":39,"href":"https:\/\/lausitzer-sportevents.de\/marathon\/wp-json\/wp\/v2\/pages\/2671\/revisions"}],"predecessor-version":[{"id":2862,"href":"https:\/\/lausitzer-sportevents.de\/marathon\/wp-json\/wp\/v2\/pages\/2671\/revisions\/2862"}],"wp:attachment":[{"href":"https:\/\/lausitzer-sportevents.de\/marathon\/wp-json\/wp\/v2\/media?parent=2671"}],"curies":[{"name":"wp","href":"https:\/\/api.w.org\/{rel}","templated":true}]}}